{"id":1184,"date":"2025-09-20T13:39:09","date_gmt":"2025-09-20T13:39:09","guid":{"rendered":"https:\/\/la-luz.fr\/?page_id=1184"},"modified":"2025-11-08T18:11:30","modified_gmt":"2025-11-08T18:11:30","slug":"salon-du-bien-etre-22-23-novembre","status":"publish","type":"page","link":"https:\/\/la-luz.fr\/index.php\/salon-du-bien-etre-22-23-novembre\/","title":{"rendered":"Salon du bien-\u00eatre le 22 &amp; 23 novembre 2025"},"content":{"rendered":"\n<p>Cette ann\u00e9e le salon du bien-\u00eatre \u00e0 Saint Girons (ari\u00e8ge), accueille 56 exposants autour du bien-\u00eatre et du mieux vivre.<\/p>\n\n\n\n<p>J&rsquo;y tiendrais un stand le samedi et le dimanche, o\u00f9 nous pourrons nous rencontrer et \u00e9changer autour de la m\u00e9decine ayurvedique et ses grands principes dans le milieu de la sant\u00e9. Nous pourrons ensemble discuter de la prakriti (votre constitution de naissance) et vous pourrez m\u00eame vous amusez \u00e0 faire un petit test individuel. <\/p>\n\n\n\n<p>J&rsquo;y d\u00e9velopperai \u00e9galement le yoga, notamment le yoga adapt\u00e9 sur chaise. Vous pourrez pratiquer quelques mouvements simples, mais tr\u00e8s utiles pour la sant\u00e9 de votre dos.<\/p>\n\n\n\n<p>Je donnerai une conf\u00e9rence le dimanche \u00e0 11h30 sur le th\u00e8me : \u00ab\u00a0Comment la science de l&rsquo;ayurveda peut m&rsquo;aider \u00e0 harmoniser ma vie ?\u00a0\u00bb<\/p>\n\n\n\n<p>Venez y faire un tour !<\/p>\n\n\n\n<p>Avec beaucoup de joie et de partage <\/p>\n\n\n<div class=\"wp-block-image\">\n<figure class=\"aligncenter size-full is-resized\"><img fetchpriority=\"high\" decoding=\"async\" width=\"724\" height=\"1024\" src=\"https:\/\/la-luz.fr\/wp-content\/uploads\/2025\/11\/IMG-0749.jpg\" alt=\"\" class=\"wp-image-1202\" style=\"width:372px;height:auto\" srcset=\"https:\/\/la-luz.fr\/wp-content\/uploads\/2025\/11\/IMG-0749.jpg 724w, https:\/\/la-luz.fr\/wp-content\/uploads\/2025\/11\/IMG-0749-212x300.jpg 212w\" sizes=\"(max-width: 724px) 100vw, 724px\" \/><\/figure>\n<\/div>\n\n\n<p><\/p>\n","protected":false},"excerpt":{"rendered":"<p>Cette ann\u00e9e le salon du bien-\u00eatre \u00e0 Saint Girons (ari\u00e8ge), accueille 56 exposants autour du bien-\u00eatre et du mieux vivre. J&rsquo;y tiendrais un stand le samedi et le dimanche, o\u00f9 nous pourrons nous rencontrer et \u00e9changer autour de la m\u00e9decine ayurvedique et ses grands principes dans le milieu de la sant\u00e9. Nous pourrons ensemble discuter [&hellip;]<\/p>\n","protected":false},"author":4,"featured_media":0,"parent":0,"menu_order":0,"comment_status":"closed","ping_status":"closed","template":"","meta":{"ngg_post_thumbnail":0,"footnotes":""},"class_list":["post-1184","page","type-page","status-publish","hentry"],"yoast_head":"<!-- This site is optimized with the Yoast SEO plugin v25.8 - https:\/\/yoast.com\/wordpress\/plugins\/seo\/ -->\n<title>Salon du bien-\u00eatre le 22 &amp; 23 novembre 2025 - La Luz<\/title>\n<meta name=\"robots\" content=\"index, follow, max-snippet:-1, max-image-preview:large, max-video-preview:-1\" \/>\n<link rel=\"canonical\" href=\"https:\/\/la-luz.fr\/index.php\/salon-du-bien-etre-22-23-novembre\/\" class=\"yoast-seo-meta-tag\" \/>\n<meta property=\"og:locale\" content=\"fr_FR\" class=\"yoast-seo-meta-tag\" \/>\n<meta property=\"og:type\" content=\"article\" class=\"yoast-seo-meta-tag\" \/>\n<meta property=\"og:title\" content=\"Salon du bien-\u00eatre le 22 &amp; 23 novembre 2025 - La Luz\" class=\"yoast-seo-meta-tag\" \/>\n<meta property=\"og:description\" content=\"Cette ann\u00e9e le salon du bien-\u00eatre \u00e0 Saint Girons (ari\u00e8ge), accueille 56 exposants autour du bien-\u00eatre et du mieux vivre. J&rsquo;y tiendrais un stand le samedi et le dimanche, o\u00f9 nous pourrons nous rencontrer et \u00e9changer autour de la m\u00e9decine ayurvedique et ses grands principes dans le milieu de la sant\u00e9. Nous pourrons ensemble discuter [&hellip;]\" class=\"yoast-seo-meta-tag\" \/>\n<meta property=\"og:url\" content=\"https:\/\/la-luz.fr\/index.php\/salon-du-bien-etre-22-23-novembre\/\" class=\"yoast-seo-meta-tag\" \/>\n<meta property=\"og:site_name\" content=\"La Luz\" class=\"yoast-seo-meta-tag\" \/>\n<meta property=\"article:modified_time\" content=\"2025-11-08T18:11:30+00:00\" class=\"yoast-seo-meta-tag\" \/>\n<meta property=\"og:image\" content=\"https:\/\/la-luz.fr\/wp-content\/uploads\/2025\/11\/IMG-0749.jpg\" class=\"yoast-seo-meta-tag\" \/>\n\t<meta property=\"og:image:width\" content=\"724\" class=\"yoast-seo-meta-tag\" \/>\n\t<meta property=\"og:image:height\" content=\"1024\" class=\"yoast-seo-meta-tag\" \/>\n\t<meta property=\"og:image:type\" content=\"image\/jpeg\" class=\"yoast-seo-meta-tag\" \/>\n<meta name=\"twitter:card\" content=\"summary_large_image\" class=\"yoast-seo-meta-tag\" \/>\n<meta name=\"twitter:label1\" content=\"Dur\u00e9e de lecture estim\u00e9e\" class=\"yoast-seo-meta-tag\" \/>\n\t<meta name=\"twitter:data1\" content=\"1 minute\" class=\"yoast-seo-meta-tag\" \/>\n<script type=\"application\/ld+json\" class=\"yoast-schema-graph\">{\"@context\":\"https:\/\/schema.org\",\"@graph\":[{\"@type\":\"WebPage\",\"@id\":\"https:\/\/la-luz.fr\/index.php\/salon-du-bien-etre-22-23-novembre\/\",\"url\":\"https:\/\/la-luz.fr\/index.php\/salon-du-bien-etre-22-23-novembre\/\",\"name\":\"Salon du bien-\u00eatre le 22 &amp; 23 novembre 2025 - La Luz\",\"isPartOf\":{\"@id\":\"https:\/\/la-luz.fr\/#website\"},\"primaryImageOfPage\":{\"@id\":\"https:\/\/la-luz.fr\/index.php\/salon-du-bien-etre-22-23-novembre\/#primaryimage\"},\"image\":{\"@id\":\"https:\/\/la-luz.fr\/index.php\/salon-du-bien-etre-22-23-novembre\/#primaryimage\"},\"thumbnailUrl\":\"https:\/\/la-luz.fr\/wp-content\/uploads\/2025\/11\/IMG-0749.jpg\",\"datePublished\":\"2025-09-20T13:39:09+00:00\",\"dateModified\":\"2025-11-08T18:11:30+00:00\",\"breadcrumb\":{\"@id\":\"https:\/\/la-luz.fr\/index.php\/salon-du-bien-etre-22-23-novembre\/#breadcrumb\"},\"inLanguage\":\"fr-FR\",\"potentialAction\":[{\"@type\":\"ReadAction\",\"target\":[\"https:\/\/la-luz.fr\/index.php\/salon-du-bien-etre-22-23-novembre\/\"]}]},{\"@type\":\"ImageObject\",\"inLanguage\":\"fr-FR\",\"@id\":\"https:\/\/la-luz.fr\/index.php\/salon-du-bien-etre-22-23-novembre\/#primaryimage\",\"url\":\"https:\/\/la-luz.fr\/wp-content\/uploads\/2025\/11\/IMG-0749.jpg\",\"contentUrl\":\"https:\/\/la-luz.fr\/wp-content\/uploads\/2025\/11\/IMG-0749.jpg\",\"width\":724,\"height\":1024},{\"@type\":\"BreadcrumbList\",\"@id\":\"https:\/\/la-luz.fr\/index.php\/salon-du-bien-etre-22-23-novembre\/#breadcrumb\",\"itemListElement\":[{\"@type\":\"ListItem\",\"position\":1,\"name\":\"Accueil\",\"item\":\"https:\/\/la-luz.fr\/\"},{\"@type\":\"ListItem\",\"position\":2,\"name\":\"Salon du bien-\u00eatre le 22 &amp; 23 novembre 2025\"}]},{\"@type\":\"WebSite\",\"@id\":\"https:\/\/la-luz.fr\/#website\",\"url\":\"https:\/\/la-luz.fr\/\",\"name\":\"La Luz\",\"description\":\"\",\"potentialAction\":[{\"@type\":\"SearchAction\",\"target\":{\"@type\":\"EntryPoint\",\"urlTemplate\":\"https:\/\/la-luz.fr\/?s={search_term_string}\"},\"query-input\":{\"@type\":\"PropertyValueSpecification\",\"valueRequired\":true,\"valueName\":\"search_term_string\"}}],\"inLanguage\":\"fr-FR\"}]}<\/script>\n<!-- \/ Yoast SEO plugin. -->","yoast_head_json":{"title":"Salon du bien-\u00eatre le 22 &amp; 23 novembre 2025 - La Luz","robots":{"index":"index","follow":"follow","max-snippet":"max-snippet:-1","max-image-preview":"max-image-preview:large","max-video-preview":"max-video-preview:-1"},"canonical":"https:\/\/la-luz.fr\/index.php\/salon-du-bien-etre-22-23-novembre\/","og_locale":"fr_FR","og_type":"article","og_title":"Salon du bien-\u00eatre le 22 &amp; 23 novembre 2025 - La Luz","og_description":"Cette ann\u00e9e le salon du bien-\u00eatre \u00e0 Saint Girons (ari\u00e8ge), accueille 56 exposants autour du bien-\u00eatre et du mieux vivre. J&rsquo;y tiendrais un stand le samedi et le dimanche, o\u00f9 nous pourrons nous rencontrer et \u00e9changer autour de la m\u00e9decine ayurvedique et ses grands principes dans le milieu de la sant\u00e9. Nous pourrons ensemble discuter [&hellip;]","og_url":"https:\/\/la-luz.fr\/index.php\/salon-du-bien-etre-22-23-novembre\/","og_site_name":"La Luz","article_modified_time":"2025-11-08T18:11:30+00:00","og_image":[{"width":724,"height":1024,"url":"https:\/\/la-luz.fr\/wp-content\/uploads\/2025\/11\/IMG-0749.jpg","type":"image\/jpeg"}],"twitter_card":"summary_large_image","twitter_misc":{"Dur\u00e9e de lecture estim\u00e9e":"1 minute"},"schema":{"@context":"https:\/\/schema.org","@graph":[{"@type":"WebPage","@id":"https:\/\/la-luz.fr\/index.php\/salon-du-bien-etre-22-23-novembre\/","url":"https:\/\/la-luz.fr\/index.php\/salon-du-bien-etre-22-23-novembre\/","name":"Salon du bien-\u00eatre le 22 &amp; 23 novembre 2025 - La Luz","isPartOf":{"@id":"https:\/\/la-luz.fr\/#website"},"primaryImageOfPage":{"@id":"https:\/\/la-luz.fr\/index.php\/salon-du-bien-etre-22-23-novembre\/#primaryimage"},"image":{"@id":"https:\/\/la-luz.fr\/index.php\/salon-du-bien-etre-22-23-novembre\/#primaryimage"},"thumbnailUrl":"https:\/\/la-luz.fr\/wp-content\/uploads\/2025\/11\/IMG-0749.jpg","datePublished":"2025-09-20T13:39:09+00:00","dateModified":"2025-11-08T18:11:30+00:00","breadcrumb":{"@id":"https:\/\/la-luz.fr\/index.php\/salon-du-bien-etre-22-23-novembre\/#breadcrumb"},"inLanguage":"fr-FR","potentialAction":[{"@type":"ReadAction","target":["https:\/\/la-luz.fr\/index.php\/salon-du-bien-etre-22-23-novembre\/"]}]},{"@type":"ImageObject","inLanguage":"fr-FR","@id":"https:\/\/la-luz.fr\/index.php\/salon-du-bien-etre-22-23-novembre\/#primaryimage","url":"https:\/\/la-luz.fr\/wp-content\/uploads\/2025\/11\/IMG-0749.jpg","contentUrl":"https:\/\/la-luz.fr\/wp-content\/uploads\/2025\/11\/IMG-0749.jpg","width":724,"height":1024},{"@type":"BreadcrumbList","@id":"https:\/\/la-luz.fr\/index.php\/salon-du-bien-etre-22-23-novembre\/#breadcrumb","itemListElement":[{"@type":"ListItem","position":1,"name":"Accueil","item":"https:\/\/la-luz.fr\/"},{"@type":"ListItem","position":2,"name":"Salon du bien-\u00eatre le 22 &amp; 23 novembre 2025"}]},{"@type":"WebSite","@id":"https:\/\/la-luz.fr\/#website","url":"https:\/\/la-luz.fr\/","name":"La Luz","description":"","potentialAction":[{"@type":"SearchAction","target":{"@type":"EntryPoint","urlTemplate":"https:\/\/la-luz.fr\/?s={search_term_string}"},"query-input":{"@type":"PropertyValueSpecification","valueRequired":true,"valueName":"search_term_string"}}],"inLanguage":"fr-FR"}]}},"featured_media_urls":[],"_links":{"self":[{"href":"https:\/\/la-luz.fr\/index.php\/wp-json\/wp\/v2\/pages\/1184","targetHints":{"allow":["GET"]}}],"collection":[{"href":"https:\/\/la-luz.fr\/index.php\/wp-json\/wp\/v2\/pages"}],"about":[{"href":"https:\/\/la-luz.fr\/index.php\/wp-json\/wp\/v2\/types\/page"}],"author":[{"embeddable":true,"href":"https:\/\/la-luz.fr\/index.php\/wp-json\/wp\/v2\/users\/4"}],"replies":[{"embeddable":true,"href":"https:\/\/la-luz.fr\/index.php\/wp-json\/wp\/v2\/comments?post=1184"}],"version-history":[{"count":7,"href":"https:\/\/la-luz.fr\/index.php\/wp-json\/wp\/v2\/pages\/1184\/revisions"}],"predecessor-version":[{"id":1214,"href":"https:\/\/la-luz.fr\/index.php\/wp-json\/wp\/v2\/pages\/1184\/revisions\/1214"}],"wp:attachment":[{"href":"https:\/\/la-luz.fr\/index.php\/wp-json\/wp\/v2\/media?parent=1184"}],"curies":[{"name":"wp","href":"https:\/\/api.w.org\/{rel}","templated":true}]}}