{"id":728,"date":"2024-04-22T14:44:55","date_gmt":"2024-04-22T14:44:55","guid":{"rendered":"https:\/\/la-luz.fr\/?page_id=728"},"modified":"2026-01-15T15:33:07","modified_gmt":"2026-01-15T15:33:07","slug":"les-cours-de-yoga-adapte","status":"publish","type":"page","link":"https:\/\/la-luz.fr\/index.php\/les-cours-de-yoga-adapte\/","title":{"rendered":"Les cours de yoga adapt\u00e9"},"content":{"rendered":"\n<p>Parce que je souhaite profond\u00e9ment que la pratique du yoga soit inclusive, adapt\u00e9e et sans discrimination : je propose des s\u00e9ances adapt\u00e9es, sur chaise, fauteuil roulant ou sur tapis de sol, selon vos possibilit\u00e9s.<\/p>\n\n\n\n<p>La pratique du yoga adapt\u00e9 est une force lorsque vous faites face \u00e0 la maladie, au handicap ou \u00e0 la perte d&rsquo;autonomie. Elle assouplie le corps, maintient une colonne vert\u00e9brale en bonne sant\u00e9, d\u00e9tend, permet de g\u00e9rer au mieux son stress et ses conflits int\u00e9rieurs. Elle est d&rsquo;une incroyable aide dans tous les moments de la vie. V\u00e9ritable m\u00e9decine collaborative et pr\u00e9ventive, vous devenez acteurs.ices de votre sant\u00e9 et mieux-\u00eatre !<\/p>\n\n\n\n<p>Enrichie de mon exp\u00e9rience d&rsquo;infirmi\u00e8re et de mes \u00e9tudes en ayurveda, je vous propose une s\u00e9ance type qui se compose : de mouvements doux, d&rsquo;exercices respiratoires, de moments de relaxation, d&rsquo;exercices de la voix et d&rsquo;un temps d&rsquo;\u00e9change.<\/p>\n\n\n\n<p>Je me d\u00e9place \u00e0 votre domicile, pour des s\u00e9ances d&rsquo;1h30, \u00e0 partir de 50\u20ac (selon votre localisation, les frais de trajet peuvent \u00eatre ajout\u00e9s).<\/p>\n\n\n\n<p>Prenons contact pour discuter de vos besoins ! <\/p>\n\n\n<div class=\"wp-block-image\">\n<figure class=\"aligncenter size-large is-resized\"><img fetchpriority=\"high\" decoding=\"async\" width=\"1024\" height=\"683\" src=\"https:\/\/la-luz.fr\/wp-content\/uploads\/2026\/01\/cours-yoga-sur-chaise-1024x683.jpg\" alt=\"\" class=\"wp-image-1223\" style=\"aspect-ratio:1.499330655957162;width:547px;height:auto\" srcset=\"https:\/\/la-luz.fr\/wp-content\/uploads\/2026\/01\/cours-yoga-sur-chaise-1024x683.jpg 1024w, https:\/\/la-luz.fr\/wp-content\/uploads\/2026\/01\/cours-yoga-sur-chaise-300x200.jpg 300w, https:\/\/la-luz.fr\/wp-content\/uploads\/2026\/01\/cours-yoga-sur-chaise-768x512.jpg 768w, https:\/\/la-luz.fr\/wp-content\/uploads\/2026\/01\/cours-yoga-sur-chaise-1536x1024.jpg 1536w, https:\/\/la-luz.fr\/wp-content\/uploads\/2026\/01\/cours-yoga-sur-chaise-2048x1365.jpg 2048w\" sizes=\"(max-width: 1024px) 100vw, 1024px\" \/><\/figure>\n<\/div>","protected":false},"excerpt":{"rendered":"<p>Parce que je souhaite profond\u00e9ment que la pratique du yoga soit inclusive, adapt\u00e9e et sans discrimination : je propose des s\u00e9ances adapt\u00e9es, sur chaise, fauteuil roulant ou sur tapis de sol, selon vos possibilit\u00e9s. La pratique du yoga adapt\u00e9 est une force lorsque vous faites face \u00e0 la maladie, au handicap ou \u00e0 la perte [&hellip;]<\/p>\n","protected":false},"author":4,"featured_media":0,"parent":0,"menu_order":0,"comment_status":"closed","ping_status":"closed","template":"","meta":{"ngg_post_thumbnail":0,"footnotes":""},"class_list":["post-728","page","type-page","status-publish","hentry"],"yoast_head":"<!-- This site is optimized with the Yoast SEO plugin v25.8 - https:\/\/yoast.com\/wordpress\/plugins\/seo\/ -->\n<title>Les cours de yoga adapt\u00e9 - La Luz<\/title>\n<meta name=\"robots\" content=\"index, follow, max-snippet:-1, max-image-preview:large, max-video-preview:-1\" \/>\n<link rel=\"canonical\" href=\"https:\/\/la-luz.fr\/index.php\/les-cours-de-yoga-adapte\/\" class=\"yoast-seo-meta-tag\" \/>\n<meta property=\"og:locale\" content=\"fr_FR\" class=\"yoast-seo-meta-tag\" \/>\n<meta property=\"og:type\" content=\"article\" class=\"yoast-seo-meta-tag\" \/>\n<meta property=\"og:title\" content=\"Les cours de yoga adapt\u00e9 - La Luz\" class=\"yoast-seo-meta-tag\" \/>\n<meta property=\"og:description\" content=\"Parce que je souhaite profond\u00e9ment que la pratique du yoga soit inclusive, adapt\u00e9e et sans discrimination : je propose des s\u00e9ances adapt\u00e9es, sur chaise, fauteuil roulant ou sur tapis de sol, selon vos possibilit\u00e9s. La pratique du yoga adapt\u00e9 est une force lorsque vous faites face \u00e0 la maladie, au handicap ou \u00e0 la perte [&hellip;]\" class=\"yoast-seo-meta-tag\" \/>\n<meta property=\"og:url\" content=\"https:\/\/la-luz.fr\/index.php\/les-cours-de-yoga-adapte\/\" class=\"yoast-seo-meta-tag\" \/>\n<meta property=\"og:site_name\" content=\"La Luz\" class=\"yoast-seo-meta-tag\" \/>\n<meta property=\"article:modified_time\" content=\"2026-01-15T15:33:07+00:00\" class=\"yoast-seo-meta-tag\" \/>\n<meta property=\"og:image\" content=\"https:\/\/la-luz.fr\/wp-content\/uploads\/2026\/01\/cours-yoga-sur-chaise-scaled.jpg\" class=\"yoast-seo-meta-tag\" \/>\n\t<meta property=\"og:image:width\" content=\"2560\" class=\"yoast-seo-meta-tag\" \/>\n\t<meta property=\"og:image:height\" content=\"1707\" class=\"yoast-seo-meta-tag\" \/>\n\t<meta property=\"og:image:type\" content=\"image\/jpeg\" class=\"yoast-seo-meta-tag\" \/>\n<meta name=\"twitter:card\" content=\"summary_large_image\" class=\"yoast-seo-meta-tag\" \/>\n<meta name=\"twitter:label1\" content=\"Dur\u00e9e de lecture estim\u00e9e\" class=\"yoast-seo-meta-tag\" \/>\n\t<meta name=\"twitter:data1\" content=\"2 minutes\" class=\"yoast-seo-meta-tag\" \/>\n<script type=\"application\/ld+json\" class=\"yoast-schema-graph\">{\"@context\":\"https:\/\/schema.org\",\"@graph\":[{\"@type\":\"WebPage\",\"@id\":\"https:\/\/la-luz.fr\/index.php\/les-cours-de-yoga-adapte\/\",\"url\":\"https:\/\/la-luz.fr\/index.php\/les-cours-de-yoga-adapte\/\",\"name\":\"Les cours de yoga adapt\u00e9 - La Luz\",\"isPartOf\":{\"@id\":\"https:\/\/la-luz.fr\/#website\"},\"primaryImageOfPage\":{\"@id\":\"https:\/\/la-luz.fr\/index.php\/les-cours-de-yoga-adapte\/#primaryimage\"},\"image\":{\"@id\":\"https:\/\/la-luz.fr\/index.php\/les-cours-de-yoga-adapte\/#primaryimage\"},\"thumbnailUrl\":\"https:\/\/la-luz.fr\/wp-content\/uploads\/2026\/01\/cours-yoga-sur-chaise-1024x683.jpg\",\"datePublished\":\"2024-04-22T14:44:55+00:00\",\"dateModified\":\"2026-01-15T15:33:07+00:00\",\"breadcrumb\":{\"@id\":\"https:\/\/la-luz.fr\/index.php\/les-cours-de-yoga-adapte\/#breadcrumb\"},\"inLanguage\":\"fr-FR\",\"potentialAction\":[{\"@type\":\"ReadAction\",\"target\":[\"https:\/\/la-luz.fr\/index.php\/les-cours-de-yoga-adapte\/\"]}]},{\"@type\":\"ImageObject\",\"inLanguage\":\"fr-FR\",\"@id\":\"https:\/\/la-luz.fr\/index.php\/les-cours-de-yoga-adapte\/#primaryimage\",\"url\":\"https:\/\/la-luz.fr\/wp-content\/uploads\/2026\/01\/cours-yoga-sur-chaise-scaled.jpg\",\"contentUrl\":\"https:\/\/la-luz.fr\/wp-content\/uploads\/2026\/01\/cours-yoga-sur-chaise-scaled.jpg\",\"width\":2560,\"height\":1707},{\"@type\":\"BreadcrumbList\",\"@id\":\"https:\/\/la-luz.fr\/index.php\/les-cours-de-yoga-adapte\/#breadcrumb\",\"itemListElement\":[{\"@type\":\"ListItem\",\"position\":1,\"name\":\"Accueil\",\"item\":\"https:\/\/la-luz.fr\/\"},{\"@type\":\"ListItem\",\"position\":2,\"name\":\"Les cours de yoga adapt\u00e9\"}]},{\"@type\":\"WebSite\",\"@id\":\"https:\/\/la-luz.fr\/#website\",\"url\":\"https:\/\/la-luz.fr\/\",\"name\":\"La Luz\",\"description\":\"\",\"potentialAction\":[{\"@type\":\"SearchAction\",\"target\":{\"@type\":\"EntryPoint\",\"urlTemplate\":\"https:\/\/la-luz.fr\/?s={search_term_string}\"},\"query-input\":{\"@type\":\"PropertyValueSpecification\",\"valueRequired\":true,\"valueName\":\"search_term_string\"}}],\"inLanguage\":\"fr-FR\"}]}<\/script>\n<!-- \/ Yoast SEO plugin. -->","yoast_head_json":{"title":"Les cours de yoga adapt\u00e9 - La Luz","robots":{"index":"index","follow":"follow","max-snippet":"max-snippet:-1","max-image-preview":"max-image-preview:large","max-video-preview":"max-video-preview:-1"},"canonical":"https:\/\/la-luz.fr\/index.php\/les-cours-de-yoga-adapte\/","og_locale":"fr_FR","og_type":"article","og_title":"Les cours de yoga adapt\u00e9 - La Luz","og_description":"Parce que je souhaite profond\u00e9ment que la pratique du yoga soit inclusive, adapt\u00e9e et sans discrimination : je propose des s\u00e9ances adapt\u00e9es, sur chaise, fauteuil roulant ou sur tapis de sol, selon vos possibilit\u00e9s. La pratique du yoga adapt\u00e9 est une force lorsque vous faites face \u00e0 la maladie, au handicap ou \u00e0 la perte [&hellip;]","og_url":"https:\/\/la-luz.fr\/index.php\/les-cours-de-yoga-adapte\/","og_site_name":"La Luz","article_modified_time":"2026-01-15T15:33:07+00:00","og_image":[{"width":2560,"height":1707,"url":"https:\/\/la-luz.fr\/wp-content\/uploads\/2026\/01\/cours-yoga-sur-chaise-scaled.jpg","type":"image\/jpeg"}],"twitter_card":"summary_large_image","twitter_misc":{"Dur\u00e9e de lecture estim\u00e9e":"2 minutes"},"schema":{"@context":"https:\/\/schema.org","@graph":[{"@type":"WebPage","@id":"https:\/\/la-luz.fr\/index.php\/les-cours-de-yoga-adapte\/","url":"https:\/\/la-luz.fr\/index.php\/les-cours-de-yoga-adapte\/","name":"Les cours de yoga adapt\u00e9 - La Luz","isPartOf":{"@id":"https:\/\/la-luz.fr\/#website"},"primaryImageOfPage":{"@id":"https:\/\/la-luz.fr\/index.php\/les-cours-de-yoga-adapte\/#primaryimage"},"image":{"@id":"https:\/\/la-luz.fr\/index.php\/les-cours-de-yoga-adapte\/#primaryimage"},"thumbnailUrl":"https:\/\/la-luz.fr\/wp-content\/uploads\/2026\/01\/cours-yoga-sur-chaise-1024x683.jpg","datePublished":"2024-04-22T14:44:55+00:00","dateModified":"2026-01-15T15:33:07+00:00","breadcrumb":{"@id":"https:\/\/la-luz.fr\/index.php\/les-cours-de-yoga-adapte\/#breadcrumb"},"inLanguage":"fr-FR","potentialAction":[{"@type":"ReadAction","target":["https:\/\/la-luz.fr\/index.php\/les-cours-de-yoga-adapte\/"]}]},{"@type":"ImageObject","inLanguage":"fr-FR","@id":"https:\/\/la-luz.fr\/index.php\/les-cours-de-yoga-adapte\/#primaryimage","url":"https:\/\/la-luz.fr\/wp-content\/uploads\/2026\/01\/cours-yoga-sur-chaise-scaled.jpg","contentUrl":"https:\/\/la-luz.fr\/wp-content\/uploads\/2026\/01\/cours-yoga-sur-chaise-scaled.jpg","width":2560,"height":1707},{"@type":"BreadcrumbList","@id":"https:\/\/la-luz.fr\/index.php\/les-cours-de-yoga-adapte\/#breadcrumb","itemListElement":[{"@type":"ListItem","position":1,"name":"Accueil","item":"https:\/\/la-luz.fr\/"},{"@type":"ListItem","position":2,"name":"Les cours de yoga adapt\u00e9"}]},{"@type":"WebSite","@id":"https:\/\/la-luz.fr\/#website","url":"https:\/\/la-luz.fr\/","name":"La Luz","description":"","potentialAction":[{"@type":"SearchAction","target":{"@type":"EntryPoint","urlTemplate":"https:\/\/la-luz.fr\/?s={search_term_string}"},"query-input":{"@type":"PropertyValueSpecification","valueRequired":true,"valueName":"search_term_string"}}],"inLanguage":"fr-FR"}]}},"featured_media_urls":[],"_links":{"self":[{"href":"https:\/\/la-luz.fr\/index.php\/wp-json\/wp\/v2\/pages\/728","targetHints":{"allow":["GET"]}}],"collection":[{"href":"https:\/\/la-luz.fr\/index.php\/wp-json\/wp\/v2\/pages"}],"about":[{"href":"https:\/\/la-luz.fr\/index.php\/wp-json\/wp\/v2\/types\/page"}],"author":[{"embeddable":true,"href":"https:\/\/la-luz.fr\/index.php\/wp-json\/wp\/v2\/users\/4"}],"replies":[{"embeddable":true,"href":"https:\/\/la-luz.fr\/index.php\/wp-json\/wp\/v2\/comments?post=728"}],"version-history":[{"count":9,"href":"https:\/\/la-luz.fr\/index.php\/wp-json\/wp\/v2\/pages\/728\/revisions"}],"predecessor-version":[{"id":1225,"href":"https:\/\/la-luz.fr\/index.php\/wp-json\/wp\/v2\/pages\/728\/revisions\/1225"}],"wp:attachment":[{"href":"https:\/\/la-luz.fr\/index.php\/wp-json\/wp\/v2\/media?parent=728"}],"curies":[{"name":"wp","href":"https:\/\/api.w.org\/{rel}","templated":true}]}}